 a factor of 7938?
True
Does 97 divide 24684?
False
Is 28 a multiple of 14?
True
Is 22 a factor of 11220?
True
Does 58 divide 17168?
True
Is 9 a factor of 653?
False
Is 14 a factor of 2664?
False
Is 46 a factor of 3509?
False
Is 53 a factor of 5485?
False
Is 36 a factor of 16200?
True
Is 73 a factor of 1652?
False
Does 63 divide 1302?
False
Is 4774 a multiple of 11?
True
Is 1619 a multiple of 19?
False
Does 14 divide 176?
False
Is 16627 even?
False
Is 906 a multiple of 10?
False
Is 130 a factor of 3387?
False
Is 36 a factor of 756?
True
Does 6 divide 3621?
False
Does 8 divide 97?
False
Is 154 a multiple of 11?
True
Is 11 a factor of 17094?
True
Does 55 divide 922?
False
Does 21 divide 18400?
False
Is 163 a factor of 1141?
True
Is 27 a factor of 2843?
False
Does 2 divide 93?
False
Is 15250 a multiple of 40?
False
Is 45 a factor of 1080?
True
Does 12 divide 22965?
False
Does 10 divide 2173?
False
Is 8340 a multiple of 44?
False
Does 2 divide 631?
False
Is 13 a factor of 49270?
True
Does 7 divide 5992?
True
Is 130256 a multiple of 14?
True
Does 73 divide 10590?
False
Is 5 a factor of 18485?
True
Is 248 a multiple of 8?
True
Is 52780 a multiple of 130?
True
Does 8 divide 66?
False
Is 3 a factor of 1053?
True
Is 94 a factor of 1256?
False
Is 276 a factor of 45454?
False
Does 59 divide 34803?
False
Does 32 divide 22971?
False
Is 17 a factor of 22860?
False
Does 17 divide 29250?
False
Is 54 a factor of 2821?
False
Does 31 divide 2050?
False
Is 73 a factor of 2409?
True
Is 1791 a multiple of 6?
False
Is 12090 a multiple of 93?
True
Is 9 a factor of 135?
True
Is 6041 a multiple of 91?
False
Is 1053 a multiple of 81?
True
Is 12 a factor of 3951?
False
Is 8937 a multiple of 9?
True
Does 37 divide 1780?
False
Does 52 divide 10227?
False
Is 4134 a multiple of 64?
False
Is 1093 a multiple of 17?
False
Does 66 divide 10027?
False
Is 8 a factor of 104?
True
Is 73538 a multiple of 27?
False
Is 72 a factor of 3960?
True
Is 40 a factor of 33480?
True
Is 2394 a multiple of 19?
True
Is 801 a multiple of 24?
False
Does 16 divide 879?
False
Is 18 a factor of 11736?
True
Is 14628 a multiple of 69?
True
Does 66 divide 330?
True
Does 13 divide 441?
False
Is 40 a factor of 16960?
True
Is 28 a factor of 987?
False
Is 119 a factor of 5474?
True
Does 14 divide 9212?
True
Does 27 divide 79053?
False
Is 6066 a multiple of 9?
True
Is 48 a factor of 288?
True
Is 128 a factor of 10240?
True
Is 91 a factor of 6782?
False
Is 1365 a multiple of 7?
True
Does 32 divide 2062?
False
Is 3 a factor of 88?
False
Is 11 a factor of 2333?
False
Is 3177 a multiple of 12?
False
Is 16 a factor of 3871?
False
Does 6 divide 472?
False
Does 13 divide 3291?
False
Is 4948 a multiple of 5?
False
Is 81 a multiple of 8?
False
Is 7 a factor of 3360?
True
Is 391 a multiple of 3?
False
Is 31785 a multiple of 14?
False
Is 10 a factor of 36403?
False
Does 31 divide 35934?
False
Is 11609 a multiple of 12?
False
Is 3 a factor of 22253?
False
Is 14550 a multiple of 13?
False
Is 60 a factor of 4621?
False
Does 106 divide 12720?
True
Is 16 a factor of 2576?
True
Does 15 divide 22464?
False
Is 12 a factor of 3756?
True
Does 45 divide 2520?
True
Does 151 divide 12080?
True
Is 25 a factor of 6841?
False
Is 1757 a multiple of 32?
False
Is 9 a factor of 96611?
False
Is 357 a multiple of 10?
False
Does 20 divide 2920?
True
Is 3 a factor of 79?
False
Does 133 divide 56663?
False
Does 14 divide 2748?
False
Is 2 a factor of 462?
True
Is 40 a factor of 20785?
False
Is 294 a multiple of 21?
True
Is 13888 a multiple of 32?
True
Does 118 divide 25370?
True
Does 18 divide 5616?
True
Is 44 a factor of 475?
False
Is 4302 a multiple of 65?
False
Is 52 a factor of 523?
False
Does 229 divide 26335?
True
Does 4 divide 2352?
True
Is 37743 a multiple of 69?
True
Is 61 a factor of 626?
False
Is 125 a factor of 20474?
False
Is 19001 a multiple of 59?
False
Is 148 a factor of 37148?
True
Does 10 divide 20?
True
Is 3811 a multiple of 21?
False
Is 78 a factor of 2652?
True
Is 105 a factor of 5077?
False
Does 12 divide 5304?
True
Is 155 a multiple of 5?
True
Is 501 a multiple of 4?
False
Does 4 divide 332?
True
Is 8 a factor of 12880?
True
Is 11 a factor of 11476?
False
Does 286 divide 8347?
False
Is 22 a factor of 11264?
True
Does 15 divide 456?
False
Is 23 a factor of 28734?
False
Does 18 divide 11106?
True
Does 53 divide 1360?
False
Is 13 a factor of 24857?
False
Does 60 divide 29220?
True
Does 7 divide 252?
True
Is 12 a factor of 372?
True
Is 128 a factor of 3625?
False
Does 51 divide 1120?
False
Is 12495 a multiple of 49?
True
Is 26 a factor of 1742?
True
Is 32 a factor of 992?
True
Is 252 a multiple of 7?
True
Does 16 divide 3120?
True
Is 45 a factor of 10890?
True
Does 7 divide 3075?
False
Is 76252 a multiple of 289?
False
Is 744 a multiple of 31?
True
Is 18 a factor of 14850?
True
Is 5 a factor of 840?
True
Does 59 divide 4012?
True
Does 16 divide 64?
True
Does 11 divide 1261?
False
Is 23814 a multiple of 126?
True
Is 336 a multiple of 42?
True
Is 721 a multiple of 7?
True
Does 15 divide 150?
True
Is 3 a factor of 5706?
True
Is 23 a factor of 4945?
True
Is 8 a factor of 152?
True
Is 57 a factor of 30951?
True
Is 28 a factor of 84?
True
Is 26 a factor of 7514?
True
Does 7 divide 1610?
True
Is 1316 a multiple of 7?
True
Does 16 divide 448?
True
Is 1645 a multiple of 35?
True
Is 242 a multiple of 16?
False
Does 31 divide 1364?
True
Is 70 a factor of 490?
True
Is 22 a factor of 748?
True
Is 7 a factor of 2952?
False
Does 118 divide 6187?
False
Does 13 divide 2210?
True
Is 65070 a multiple of 45?
True
Is 5 a factor of 4720?
True
Does 2 divide 6?
True
Is 55 a factor of 880?
True
Does 14 divide 18243?
False
Is 24937 a multiple of 105?
False
Is 41657 a multiple of 87?
False
Is 17 a factor of 50201?
True
Does 45 divide 207?
False
Is 958 a multiple of 15?
False
Is 11 a factor of 47784?
True
Does 10 divide 721?
False
Does 8 divide 1040?
True
Is 1903 a multiple of 11?
True
Does 5 divide 610?
True
Does 13 divide 631?
False
Does 2 divide 308?
True
Is 19 a factor of 152?
True
Is 837 a multiple of 31?
True
Is 28 a factor of 475?
False
Does 237 divide 14095?
False
Is 60 a factor of 8340?
True
Is 8 a factor of 5600?
True
Is 260 a multiple of 13?
True
Does 17 divide 86174?
False
Is 294 a factor of 28170?
False
Does 49 divide 392?
True
Does 29 divide 10920?
False
Does 29 divide 3330?
False
Does 15 divide 746?
False
Does 5 divide 859?
False
Is 17 a factor of 195?
False
Is 357 a multiple of 8?
False
Is 2 a factor of 2?
True
Does 28 divide 588?
True
Does 29 divide 3248?
True
Is 290 a multiple of 12?
False
Does 37 divide 6790?
False
Does 44 divide 88?
True
Does 75 divide 1444?
False
Does 152 divide 16778?
False
Is 58 a multiple of 2?
True
Is 13 a factor of 25844?
True
Does 23 divide 46?
True
Is 30930 a multiple of 10?
True
Is 26 a factor of 375?
False
Is 41 a factor of 4346?
True
Is 7 a factor of 4254?
False
Does 23 divide 285?
False
Is 50 a factor of 28960?
False
Is 6812 a multiple of 26?
True
Is 6550 a multiple of 131?
True
Is 19 a factor of 760?
True
Is 2880 a multiple of 3?
True
Does 25 divide 50700?
True
Is 11 a factor of 416?
False
Is 1491 a multiple of 21?
True
Does 6 divide 786?
True
Is 27 a factor of 6257?
False
Is 2233 a multiple of 39?
False
Is 15 a factor of 2655?
True
Is 102 a factor of 6267?
False
Is 885 a multiple of 59?
True
Is 161 a multiple of 28?
False
Is 3045 a multiple of 7?
True
Does 56 divide 2576?
True
Does 7 divide 741?
False
Does 24 divide 5218?
False
Is 87 a factor of 8369?
False
Is 770 a multiple of 5?
True
Does 10 divide 488?
False
Is 101 a multiple of 39?
False
Is 7 a factor of 3080?
True
Is 8153 a multiple of 117?
False
Is 76257 a multiple of 157?
False
Is 13 a factor of 858?
True
Does 31 divide 11718?
True
Is 22888 a multiple of 112?
False
Is 26 a factor of 5606?
False
Is 4 a factor of 20?
True
Is 3146 a multiple of 3?
False
Does 21 divide 6302?
False
Does 32 divide 16647?
False
Does 5 divide 157?
False
Is 5055 a multiple of 95?
False
Is 22 a factor of 6501?
False
Is 5 a factor of 1175?
True
Is 14650 a multiple of 3?
False
Is 30 a factor of 40869?
False
Does 69 divide 3519?
True
Is 2 a factor of 17?
False
Is 6 a factor of 30?
True
Does 60 divide 7200?
True
Is 27 a factor of 689?
False
Is 5 a factor of 591?
False
Does 